{"id":29,"date":"2024-03-02T23:48:37","date_gmt":"2024-03-02T22:48:37","guid":{"rendered":"https:\/\/liturgika.pl\/?page_id=29"},"modified":"2024-03-04T01:02:34","modified_gmt":"2024-03-04T00:02:34","slug":"proprium","status":"publish","type":"page","link":"https:\/\/liturgika.pl\/?page_id=29","title":{"rendered":"Proprium"},"content":{"rendered":"\n<ul class=\"wp-block-list\">\n<li><a href=\"https:\/\/liturgika.pl\/?page_id=52\" data-type=\"page\" data-id=\"52\">Adwent<\/a><\/li>\n\n\n\n<li><a href=\"https:\/\/liturgika.pl\/?page_id=70\" data-type=\"page\" data-id=\"70\">Bo\u017ce Narodzenie<\/a><\/li>\n\n\n\n<li><a href=\"https:\/\/liturgika.pl\/?page_id=114\" data-type=\"page\" data-id=\"114\">Przedpo\u015bcie<\/a><\/li>\n\n\n\n<li><a href=\"https:\/\/liturgika.pl\/?page_id=128\" data-type=\"page\" data-id=\"128\">Pasja<\/a><\/li>\n\n\n\n<li><a href=\"https:\/\/liturgika.pl\/?page_id=138\" data-type=\"page\" data-id=\"138\">Wielkanoc<\/a><\/li>\n\n\n\n<li><a href=\"https:\/\/liturgika.pl\/?page_id=143\" data-type=\"page\" data-id=\"143\">Zes\u0142anie Ducha \u015awi\u0119tego i Trinitatis<\/a><\/li>\n\n\n\n<li><a href=\"https:\/\/liturgika.pl\/?page_id=148\" data-type=\"page\" data-id=\"148\">Po Tr\u00f3jcy \u015awi\u0119tej<\/a><\/li>\n<\/ul>\n","protected":false},"excerpt":{"rendered":"","protected":false},"author":2,"featured_media":0,"parent":0,"menu_order":0,"comment_status":"closed","ping_status":"closed","template":"","meta":{"footnotes":""},"class_list":["post-29","page","type-page","status-publish","hentry"],"_links":{"self":[{"href":"https:\/\/liturgika.pl\/index.php?rest_route=\/wp\/v2\/pages\/29","targetHints":{"allow":["GET"]}}],"collection":[{"href":"https:\/\/liturgika.pl\/index.php?rest_route=\/wp\/v2\/pages"}],"about":[{"href":"https:\/\/liturgika.pl\/index.php?rest_route=\/wp\/v2\/types\/page"}],"author":[{"embeddable":true,"href":"https:\/\/liturgika.pl\/index.php?rest_route=\/wp\/v2\/users\/2"}],"replies":[{"embeddable":true,"href":"https:\/\/liturgika.pl\/index.php?rest_route=%2Fwp%2Fv2%2Fcomments&post=29"}],"version-history":[{"count":10,"href":"https:\/\/liturgika.pl\/index.php?rest_route=\/wp\/v2\/pages\/29\/revisions"}],"predecessor-version":[{"id":166,"href":"https:\/\/liturgika.pl\/index.php?rest_route=\/wp\/v2\/pages\/29\/revisions\/166"}],"wp:attachment":[{"href":"https:\/\/liturgika.pl\/index.php?rest_route=%2Fwp%2Fv2%2Fmedia&parent=29"}],"curies":[{"name":"wp","href":"https:\/\/api.w.org\/{rel}","templated":true}]}}