{"id":112,"date":"2024-03-04T00:03:16","date_gmt":"2024-03-03T23:03:16","guid":{"rendered":"https:\/\/liturgika.pl\/?page_id=112"},"modified":"2024-03-04T00:03:16","modified_gmt":"2024-03-03T23:03:16","slug":"informacje-liturgiczne","status":"publish","type":"page","link":"https:\/\/liturgika.pl\/?page_id=112","title":{"rendered":"Informacje liturgiczne"},"content":{"rendered":"\n<p><strong>Informacje liturgiczne o okresie mi\u0119dzy Epifani\u0105 a czasem pasyjnym<\/strong><\/p>\n\n\n\n<p>Podczas obrad w \u0141odzi, 13 pa\u017adziernika 2018 roku, Synod naszego Ko\u015bcio\u0142a przyj\u0105\u0142 uchwa\u0142\u0119 w sprawie nowych porz\u0105dk\u00f3w liturgicznych i kazalnych. Pe\u0142na jej tre\u015b\u0107 znajduje si\u0119 na ko\u0144cu niniejszych wyja\u015bnie\u0144.<\/p>\n\n\n\n<p>Realizuj\u0105c uchwa\u0142\u0119 Synodu Rada Synodalna opublikowa\u0142a informacj\u0119 o nowych perykopach liturgicznych na stronie luteranie.pl, odsy\u0142aj\u0105c bezpo\u015brednio na stron\u0119 liturgika.pl, gdzie udost\u0119pniono odpowiednie wykazy tekst\u00f3w biblijnych.<\/p>\n\n\n\n<p>Pomijaj\u0105c zmiany w systemie tekst\u00f3w kazalnych i liturgicznych podstawow\u0105 zmian\u0105 w organizacji roku ko\u015bcielnego, kt\u00f3r\u0105 przynios\u0142a reforma perykop, jest nowe uporz\u0105dkowanie okresu przej\u015bciowego mi\u0119dzy czasem poepifanijnym a czasem przedpostnym. Dotychczas stosowano system, w kt\u00f3rym by\u0142a sta\u0142a liczba niedziel przedpostnych, a zmienna by\u0142a liczba niedziel po \u015bwi\u0119cie Epifanii. Zr\u00f3\u017cnicowanie wynika\u0142o oczywi\u015bcie ze zmiennej daty Wielkanocy, a co za tym idzie r\u00f3\u017cnego terminu rozpocz\u0119cia czasu pasyjnego (\u015aroda Popielcowa). &nbsp;Mieli\u015bmy zatem maksymalnie sze\u015b\u0107 niedziel po Epifanii (pi\u0119\u0107 niedziel po Epifanii oraz Ostatni\u0105 Niedziel\u0119 po Epifanii) oraz ka\u017cdorazowo trzy niedziele przed Postem (Septuagesimae, Sexagesimae, Estomihi). W nowym porz\u0105dku w zale\u017cno\u015bci od tego, w jaki dzie\u0144 tygodnia wypada \u015awi\u0119to Epifanii, mamy trzy lub cztery niedziele po Epifanii (dwie lub trzy niedziele po Epifanii oraz Ostatni\u0105 niedziel\u0119 po Epifanii) oraz maksymalnie 5 niedziel przedpostnych.&nbsp;<\/p>\n\n\n\n<p>Poprzez zmiany w systemie&nbsp; perykop powr\u00f3cono ostatecznie do systemu, w kt\u00f3rym okres epifanijny (poepifanijny) ko\u0144czy\u0142 si\u0119 40 dni po Narodzeniu Pa\u0144skim, w tygodniu, w kt\u00f3rym wypada dzie\u0144 2 lutego czyli Dzie\u0144 ofiarowania Pana Jezusa (Oczyszczenie Marii Panny, tzw. Gromnice). Dzie\u0144 ten ko\u0144czy tradycyjny czas obchod\u00f3w \u015bwi\u0119ta Narodzenia Pa\u0144skiego, po nim wchodzimy bezpo\u015brednio w czas przedpostny. St\u0105d te\u017c zmiana w barwie liturgicznej. Dotychczas barwa bia\u0142a u\u017cywana by\u0142a jedynie w pierwsz\u0105 i ostatni\u0105 niedziel\u0119 po Epifanii, a obecnie towarzyszy nam w ca\u0142ym okresie poepifanijnym.<\/p>\n\n\n\n<p>W bie\u017c\u0105cym roku mamy klasyczny przyk\u0142ad takiego nast\u0119pstwa liturgicznego. Przed dniem 2 lutego (sobota) mamy jeszcze czas poepifanijny, a od razu po owym dniu, w niedziel\u0119, wchodzimy w czas przedpostny. Dopasowuj\u0105c do tej nowej organizacji czasu tegoroczny kalendarz w ostatni\u0105 niedziel\u0119 stycznia (27 stycznia 2018 r.) obchodzimy Ostatni\u0105 niedziel\u0119 po Epifanii, a 3 lutego ju\u017c 5. Niedziel\u0119 przed Postem.<\/p>\n\n\n\n<p>System powy\u017cszy, opieraj\u0105cy si\u0119 na podziale czasu poepifanijnego i przedpostnego wed\u0142ug dnia 2 lutego (Dzie\u0144 ofiarowania Pana Jezusa) jako kryterium ostatecznym owego rozdzia\u0142u, zrodzi\u0142 pocz\u0105tkowo niejasno\u015bci w przyporz\u0105dkowaniu niedziel b\u0119d\u0105cych na granicy obu okres\u00f3w liturgicznych. Bior\u0105c pod uwag\u0119 przyj\u0119t\u0105 kolejno\u015b\u0107 niedziel w uchwale Synodu Generalnego i Konferencji Biskup\u00f3w Zjednoczonego Ko\u015bcio\u0142a Ewangelicko-Lutera\u0144skiego Niemiec, wed\u0142ug kt\u00f3rej Komisja ds. Liturgii i Muzyki Ko\u015bcielnej przygotowa\u0142a nasz porz\u0105dek tekst\u00f3w liturgicznych i kazalnych, bez uwzgl\u0119dnienia Dnia ofiarowania Pana Jezusa (2.02), wst\u0119pnie przyj\u0119to i\u017c po Epifanii&nbsp; powinny by\u0107 kolejne trzy niedziele poepifanijne i Ostatnia niedziela po Epifanii (razem cztery niedziele), a potem uwarunkowana dat\u0105 Wielkanocy (\u015arody Popielcowej) liczba niedziel przedpostnych (od maksymalnie pi\u0119ciu niedziel do minimalnie jednej niedzieli). Dlatego te\u017c na przyk\u0142ad w oryginalnym tek\u015bcie Losungen na 2019 rok i w jego polskim opracowaniu (Z Bibli\u0105 na co dzie\u0144 2019) w niedziel\u0119, 27 stycznia mamy przewidzian\u0105 3. Niedziel\u0119 po Epifanii, w niedziel\u0119 3 lutego Ostatni\u0105 Niedziel\u0119 po Epifanii, a 10 lutego 4. Niedziel\u0119 przed Postem. Dopiero po p\u00f3\u017aniejszych wyja\u015bnieniach, kt\u00f3re uwzgl\u0119dni\u0142y podstawowe kryterium Dnia ofiarowania Pana Jezusa (2 lutego) okaza\u0142o si\u0119, \u017ce tegoroczne prawid\u0142owe przyporz\u0105dkowanie liturgiczne niedzieli 27 stycznia to Ostatnia Niedziela po Epifanii, niedzieli 3 lutego \u2013 5. Niedziela przed Postem, a 10 lutego \u2013 4. Niedziela przed Postem. Takie przypisanie czasowe widoczne jest ju\u017c w p\u00f3\u017aniej opracowywanych kalendarzach i materia\u0142ach liturgicznych oraz w wersjach internetowych i materia\u0142ach pomocniczych, z kt\u00f3rych szczeg\u00f3lnie mo\u017cna poleci\u0107 stron\u0119&nbsp;<a href=\"https:\/\/www.kirchenjahr-evangelisch.de\/\">https:\/\/www.kirchenjahr-evangelisch.de<\/a>.<\/p>\n\n\n\n<p>Podsumowuj\u0105c powy\u017csze wyja\u015bnienia, okres przej\u015bciowy mi\u0119dzy czasem poepifanijnym a przedpostnym w 2019 roku liturgicznie poprawnie opisany powinien wygl\u0105da\u0107 nast\u0119puj\u0105co:<\/p>\n\n\n\n<p><strong>\u2013 27 stycznia 2019 r. \u2013 Ostatnia Niedziela po Epifanii, introit 23<\/strong><br><strong>kazanie: 2 M\u017c 3,1-8a(8b.9)10(11.12)13.14(15) &nbsp;<\/strong><\/p>\n\n\n\n<p><strong>\u2013 2 lutego 2019 r. \u2013 Dzie\u0144 ofiarowania Pana Jezusa, introit 84<\/strong><br><strong>kazanie: J 8,12<\/strong><\/p>\n\n\n\n<p><strong>\u2013 3 lutego 2019 r. \u2013 5. Niedziela przed Postem, introit 22<\/strong><br><strong>kazanie: 1 Kor 1,4-9<\/strong><\/p>\n\n\n\n<p><strong>\u2013 10 lutego 2019 r. \u2013 4. Niedziela przed Postem, introit 21<\/strong><br><strong>kazanie: Mk 4,35-41<\/strong><\/p>\n\n\n\n<p><strong>\u2013 17 lutego 2019 r. \u2013 3. Niedziela przed Postem \u2013 Septuagesimae \u2013 introit 24<\/strong><br><strong>kazanie: Kz 7,15-18<\/strong><\/p>\n\n\n\n<p><strong>\u2013 24 lutego 2019 r. \u2013 2. Niedziela przed Postem \u2013 Sexagesimae \u2013 introit 25<\/strong><br><strong>kazanie: Dz 16,9-15&nbsp;<\/strong><\/p>\n\n\n\n<p><strong>\u2013 3 marca 2019 r. \u2013 Niedziela Przedopostna \u2013 Estomihi \u2013 introit 26<\/strong><br><strong>kazanie:&nbsp; \u0141k 10,38-42<\/strong><\/p>\n\n\n\n<p>Niechaj S\u0142owo Bo\u017ce dzia\u0142a w\u015br\u00f3d i przez nas, okazuj\u0105c swoj\u0105 moc i poprzez nasze zwiastowanie.<\/p>\n\n\n\n<p>Bo\u017cego b\u0142ogos\u0142awie\u0144stwa w przygotowywaniu kaza\u0144, w wyborze pie\u015bni i w\u0142a\u015bciwej oprawy nabo\u017ce\u0144stw.<\/p>\n\n\n\n<p>W imieniu Synodalnej Komisji ds. Liturgii i Muzyki Ko\u015bcielnej<\/p>\n\n\n\n<p>ks. Adam Malina<\/p>\n\n\n\n<p>\u2014\u2014\u2014\u2014\u2014\u2014\u2014\u2014\u2014\u2014\u2014-<\/p>\n\n\n\n<p><em>Uchwa\u0142a nr 20\/2018\/XIV z dnia 13 pa\u017adziernika 2018 r.<br>w sprawie wprowadzenia do u\u017cytku w Ko\u015bciele nowych perykop liturgicznych i kazalnych<\/em><\/p>\n\n\n\n<p><em>Na podstawie \u00a7 12 lit. b, f, i Regulaminu Zwierzchnich W\u0142adz Ko\u015bcio\u0142a Synod Ko\u015bcio\u0142a Ewangelicko-Augsburskiego w RP uchwala, co nast\u0119puje:<\/em><\/p>\n\n\n\n<p><em>\u00a7&nbsp;<\/em><em>1<\/em><\/p>\n\n\n\n<p><em>Od pocz\u0105tku roku ko\u015bcielnego 2018\/2019 wprowadza si\u0119 do u\u017cytku liturgicznego nowe perykopy liturgiczne, opracowane przez Synodaln\u0105 Komisj\u0119 ds. Liturgii i Muzyki Ko\u015bcielnej, zawarte w dokumencie: \u201eNowy porz\u0105dek czyta\u0144 liturgicznych i tekst\u00f3w kazalnych\u201d z dnia 2.10.2018 r. S\u0105 one wzorowane na perykopach przyj\u0119tych uchwa\u0142\u0105 Synodu Generalnego i Konferencji Biskup\u00f3w Zjednoczonego Ko\u015bcio\u0142a Ewangelicko-Lutera\u0144skiego Niemiec (VELKD) \u2013 \u201eBeschluss zur Ordnung gottesdienstlicher Texte und Lieder\u201d z 7 grudnia 2017 r., opublikowan\u0105 w \u201eAmtsblatt Verfassung der Vereinigten Evangelisch-Lutherischen Kirche Deutschlands VELKD\u201d, Band VII, St\u00fcck 32, nr 372 z 15 lutego 2018 r. (z dostosowaniem do polskich reali\u00f3w).<\/em><\/p>\n\n\n\n<p><em>\u00a7 2<\/em><\/p>\n\n\n\n<p><em>Wej\u015bcie do u\u017cytku liturgicznego oznacza, i\u017c od 1. Niedzieli Adwentu roku ko\u015bcielnego 2018\/2019 b\u0119dzie obowi\u0105zywa\u0107 pierwszy rz\u0105d perykop, o kt\u00f3rych mowa w \u00a7 1.<\/em><\/p>\n\n\n\n<p><em>\u00a7 3<\/em><\/p>\n\n\n\n<p><em>Do ko\u0144ca roku kalendarzowego 2018 w u\u017cytku pozostaj\u0105\u0328 r\u00f3wnie\u017c dotychczasowe perykopy liturgiczne z 1978 r.<\/em><\/p>\n\n\n\n<p><em>\u00a7 4<\/em><\/p>\n\n\n\n<p><em>Zobowi\u0105zuje si\u0119 Rad\u0119 Synodaln\u0105 do przekazania \u201eNowego porz\u0105dek czyta\u0144 liturgicznych i tekst\u00f3w kazalnych\u201d do dnia 15 listopada 2018 r. duchownym w spos\u00f3b zwyczajowo przyj\u0119ty, a \u015bwieckim poprzez publikacj\u0119 na stronie luteranie.pl.<\/em><\/p>\n\n\n\n<p><em>\u00a7 5<\/em><\/p>\n\n\n\n<p><em>\u201eNowy porz\u0105dek czyta\u0144 liturgicznych i tekst\u00f3w kazalnych\u201d stanowi za\u0142\u0105cznik do niniejszej Uchwa\u0142y.<\/em><\/p>\n\n\n\n<p><em>\u00a7 6<\/em><\/p>\n\n\n\n<p><em>Uchwa\u0142a wchodzi w \u017cycie z dniem podj\u0119cia.<\/em><\/p>\n","protected":false},"excerpt":{"rendered":"<p>Informacje liturgiczne o okresie mi\u0119dzy Epifani\u0105 a czasem pasyjnym Podczas obrad w \u0141odzi, 13 pa\u017adziernika 2018 roku, Synod naszego Ko\u015bcio\u0142a przyj\u0105\u0142 uchwa\u0142\u0119 w sprawie nowych porz\u0105dk\u00f3w liturgicznych i kazalnych. Pe\u0142na jej tre\u015b\u0107 znajduje si\u0119 na ko\u0144cu niniejszych wyja\u015bnie\u0144. Realizuj\u0105c uchwa\u0142\u0119 Synodu Rada Synodalna opublikowa\u0142a informacj\u0119 o nowych perykopach liturgicznych na stronie luteranie.pl, odsy\u0142aj\u0105c bezpo\u015brednio na [&hellip;]<\/p>\n","protected":false},"author":2,"featured_media":0,"parent":0,"menu_order":0,"comment_status":"closed","ping_status":"closed","template":"","meta":{"footnotes":""},"class_list":["post-112","page","type-page","status-publish","hentry"],"_links":{"self":[{"href":"https:\/\/liturgika.pl\/index.php?rest_route=\/wp\/v2\/pages\/112","targetHints":{"allow":["GET"]}}],"collection":[{"href":"https:\/\/liturgika.pl\/index.php?rest_route=\/wp\/v2\/pages"}],"about":[{"href":"https:\/\/liturgika.pl\/index.php?rest_route=\/wp\/v2\/types\/page"}],"author":[{"embeddable":true,"href":"https:\/\/liturgika.pl\/index.php?rest_route=\/wp\/v2\/users\/2"}],"replies":[{"embeddable":true,"href":"https:\/\/liturgika.pl\/index.php?rest_route=%2Fwp%2Fv2%2Fcomments&post=112"}],"version-history":[{"count":1,"href":"https:\/\/liturgika.pl\/index.php?rest_route=\/wp\/v2\/pages\/112\/revisions"}],"predecessor-version":[{"id":113,"href":"https:\/\/liturgika.pl\/index.php?rest_route=\/wp\/v2\/pages\/112\/revisions\/113"}],"wp:attachment":[{"href":"https:\/\/liturgika.pl\/index.php?rest_route=%2Fwp%2Fv2%2Fmedia&parent=112"}],"curies":[{"name":"wp","href":"https:\/\/api.w.org\/{rel}","templated":true}]}}